 digit of 4634?
4
What is the hundreds digit of 72324?
3
What is the hundreds digit of 1452?
4
What is the units digit of 5362?
2
What is the units digit of 3343?
3
What is the units digit of 91706?
6
What is the tens digit of 14531?
3
What is the units digit of 4386?
6
What is the tens digit of 64235?
3
What is the units digit of 691?
1
What is the hundreds digit of 13160?
1
What is the tens digit of 416?
1
What is the units digit of 1721?
1
What is the units digit of 10836?
6
What is the thousands digit of 70394?
0
What is the tens digit of 653?
5
What is the thousands digit of 8666?
8
What is the units digit of 25528?
8
What is the thousands digit of 1321?
1
What is the thousands digit of 1757?
1
What is the hundreds digit of 4599?
5
What is the thousands digit of 5090?
5
What is the hundreds digit of 8065?
0
What is the thousands digit of 41915?
1
What is the tens digit of 15319?
1
What is the thousands digit of 6526?
6
What is the hundreds digit of 2506?
5
What is the units digit of 18537?
7
What is the units digit of 483?
3
What is the hundreds digit of 14518?
5
What is the ten thousands digit of 15359?
1
What is the thousands digit of 32738?
2
What is the thousands digit of 5324?
5
What is the hundreds digit of 3978?
9
What is the hundreds digit of 199?
1
What is the hundreds digit of 159?
1
What is the ten thousands digit of 85073?
8
What is the units digit of 1555?
5
What is the tens digit of 11648?
4
What is the units digit of 4518?
8
What is the tens digit of 332?
3
What is the hundreds digit of 11949?
9
What is the hundreds digit of 329?
3
What is the ten thousands digit of 107563?
0
What is the units digit of 77360?
0
What is the thousands digit of 15112?
5
What is the thousands digit of 1275?
1
What is the units digit of 14986?
6
What is the ten thousands digit of 112780?
1
What is the tens digit of 49431?
3
What is the tens digit of 674?
7
What is the units digit of 1210?
0
What is the units digit of 965?
5
What is the tens digit of 1139?
3
What is the units digit of 18226?
6
What is the hundreds digit of 23106?
1
What is the tens digit of 471?
7
What is the hundreds digit of 266?
2
What is the units digit of 9084?
4
What is the thousands digit of 9763?
9
What is the thousands digit of 9777?
9
What is the units digit of 36653?
3
What is the tens digit of 49162?
6
What is the tens digit of 14880?
8
What is the hundreds digit of 397?
3
What is the tens digit of 11683?
8
What is the hundreds digit of 79112?
1
What is the tens digit of 318?
1
What is the units digit of 4343?
3
What is the hundreds digit of 6757?
7
What is the tens digit of 851?
5
What is the units digit of 841?
1
What is the tens digit of 384?
8
What is the thousands digit of 36209?
6
What is the thousands digit of 1834?
1
What is the tens digit of 1864?
6
What is the thousands digit of 4105?
4
What is the hundreds digit of 19917?
9
What is the thousands digit of 4273?
4
What is the thousands digit of 18852?
8
What is the ten thousands digit of 16418?
1
What is the thousands digit of 17572?
7
What is the units digit of 1105?
5
What is the tens digit of 1121?
2
What is the units digit of 81734?
4
What is the units digit of 36601?
1
What is the units digit of 43?
3
What is the thousands digit of 2134?
2
What is the tens digit of 1677?
7
What is the tens digit of 825?
2
What is the thousands digit of 2295?
2
What is the tens digit of 856?
5
What is the tens digit of 1285?
8
What is the units digit of 1848?
8
What is the hundreds digit of 11404?
4
What is the units digit of 6714?
4
What is the hundreds digit of 755?
7
What is the units digit of 31436?
6
What is the tens digit of 7986?
8
What is the tens digit of 3402?
0
What is the hundreds digit of 6110?
1
What is the units digit of 7622?
2
What is the tens digit of 3760?
6
What is the units digit of 36678?
8
What is the units digit of 2477?
7
What is the tens digit of 40450?
5
What is the hundreds digit of 16870?
8
What is the hundreds digit of 14141?
1
What is the hundreds digit of 3866?
8
What is the units digit of 848?
8
What is the thousands digit of 10810?
0
What is the units digit of 39590?
0
What is the thousands digit of 105185?
5
What is the units digit of 40316?
6
What is the thousands digit of 5577?
5
What is the hundreds digit of 43759?
7
What is the hundred thousands digit of 115797?
1
What is the tens digit of 1738?
3
What is the units digit of 23023?
3
What is the units digit of 571?
1
What is the thousands digit of 6708?
6
What is the thousands digit of 2261?
2
What is the tens digit of 85?
8
What is the units digit of 10784?
4
What is the tens digit of 694?
9
What is the ten thousands digit of 19980?
1
What is the units digit of 4106?
6
What is the units digit of 3247?
7
What is the hundreds digit of 50974?
9
What is the hundreds digit of 1205?
2
What is the units digit of 3603?
3
What is the ten thousands digit of 11579?
1
What is the units digit of 2?
2
What is the units digit of 17374?
4
What is the hundreds digit of 1911?
9
What is the tens digit of 4479?
7
What is the thousands digit of 2988?
2
What is the thousands digit of 109230?
9
What is the hundreds digit of 46314?
3
What is the units digit of 890?
0
What is the tens digit of 821?
2
What is the hundreds digit of 2899?
8
What is the tens digit of 237?
3
What is the units digit of 10671?
1
What is the tens digit of 2265?
6
What is the thousands digit of 12365?
2
What is the tens digit of 4037?
3
What is the tens digit of 1528?
2
What is the hundreds digit of 827?
8
What is the units digit of 1417?
7
What is the tens digit of 45627?
2
What is the units digit of 3758?
8
What is the units digit of 1639?
9
What is the units digit of 2142?
2
What is the hundreds digit of 4011?
0
What is the hundreds digit of 495?
4
What is the units digit of 1093?
3
What is the units digit of 3230?
0
What is the hundreds digit of 187?
1
What is the thousands digit of 7134?
7
What is the tens digit of 2717?
1
What is the tens digit of 55479?
7
What is the tens digit of 2136?
3
What is the units digit of 2898?
8
What is the thousands digit of 1415?
1
What is the tens digit of 2159?
5
What is the units digit of 19570?
0
What is the tens digit of 622?
2
What is the thousands digit of 30859?
0
What is the tens digit of 1023?
2
What is the hundreds digit of 49289?
2
What is the hundreds digit of 2334?
3
What is the units digit of 4204?
4
What is the thousands digit of 2636?
2
What is the tens digit of 1512?
1
What is the hundreds digit of 23158?
1
What is the units digit of 302?
2
What is the hundreds digit of 130?
1
What is the hundreds digit of 15868?
8
What is the tens digit of 1052?
5
What is the units digit of 3591?
1
What is the thousands digit of 1495?
1
What is the units digit of 97156?
6
What is the tens digit of 92290?
9
What is the units digit of 15057?
7
What is the units digit of 6897?
7
What is the units digit of 1730?
0
What is the hundreds digit of 5034?
0
What is the tens digit of 30?
3
What is the hundreds digit of 704?
7
What is the units digit of 12494?
4
What is the units digit of 13496?
6
What is the thousands digit of 3160?
3
What is the tens digit of 24355?
5
What is the ten thousands digit of 35901?
3
What is the ten thousands digit of 34532?
3
What is the units digit of 1316?
6
What is the units digit of 5676?
6
What is the thousands digit of 2515?
2
What is the hundreds digit of 13616?
6
What is the hundreds digit of 4423?
4
What is the units digit of 12439?
9
What is the tens digit of 31982?
8
What is the tens digit of 23178?
7
What is the tens digit of 37009?
0
What is the hundreds digit of 563?
5
What is the ten thousands digit of 19699?
1
What is the thousands digit of 107841?
7
What is the tens digit of 43459?
5
What is the units digit of 58599?
9
What is the thousands digit of 12525?
2
What is the tens digit of 10?
1
What is the thousands digit of 26706?
6
What is the units digit of 7799?
9
What is the units digit of 9162?
2
What is the hundreds digit of 35320?
3
What is the thousands digit of 44034?
4
What is the thousands digit of 20107?
0
What is the tens digit of 13374?
7
What is the units digit of 74199?
9
What is the tens digit of 3087?
8
What is the tens digit of 86772?
7
What is the units digit of 16087?
7
What is the units 